e first derivative of -2*t**2 - t + 1. List the prime factors of m(-3).
11
Let z = 120 + -65. What are the prime factors of z?
5, 11
Let m be -2 + 5 - 1 - -8. Let r = -36 - -52. Let z = r - m. List the prime factors of z.
2, 3
Let g be (-8)/(0 - 3/(-24)). Let n = 93 + g. List the prime factors of n.
29
Let y = 20 + -2. List the prime factors of y.
2, 3
Suppose -3*u + 4*h + 17 = 2*u, -3*u + 17 = h. Suppose -3*x + 10 + u = 0. List the prime factors of x.
5
Suppose -5*v = o - 54 + 16, 3*v = 15. Suppose 4*u + 4*h - 3 - 1 = 0, 2*u + o = 3*h. What are the prime factors of 364/16 + u/(-8)?
23
Let q(z) = 4*z**2 + 16*z - 4. What are the prime factors of q(-11)?
2, 19
Suppose 0 = -2*m - 3*g + 54, -2*g = -m + 4 + 37. Suppose 0 = -2*k - 2*k + 3*z - 73, 0 = -2*z - 2. Let x = m + k. List the prime factors of x.
2, 7
Let u = -211 - -301. What are the prime factors of u?
2, 3, 5
Suppose 3*m - 9 + 0 = 0. Let y = 16 + -7. Suppose m = x - y. List the prime factors of x.
2, 3
List the prime factors of 314/4 + (-7)/(-70)*5.
79
Suppose -85 = -0*q + 5*q. Let y = 30 + q. What are the prime factors of y?
13
Let v = -3 + 58. List the prime factors of v.
5, 11
Suppose -2 = -3*n + 2*d, -n + d + 0*d = 0. Suppose 0 = -n*o + 5*o - 12. What are the prime factors of o?
2
Suppose y = 11 + 11. Let s = 34 - y. List the prime factors of s.
2, 3
Let r(x) = x**3 - 8*x**2 - 12*x + 4. Let c be r(9). Let v = c - -37. Suppose -y = -5*l - v - 28, -2*y + 5*l + 59 = 0. What are the prime factors of y?
17
Suppose 3*f = -3*n - 27, -3*f - 23 = 5*n + 14. Let d(u) = -u**2 - 5*u - 4. Let c be d(f). Suppose -4*x + 64 - 20 = c. List the prime factors of x.
11
Let w = 17 - -42. What are the prime factors of w?
59
Let c(m) = -m**2 + 7*m + 10. Let t be c(8). What are the prime factors of (1/2)/(t/128)?
2
Suppose 2*v - 12 = -2*x, -v + 1 = -4*x - 0. What are the prime factors of v?
5
Suppose 5*u - 5*n = -30, 6*u + n = 3*u - 10. Let g(r) be the first derivative of -r**2 - 6*r - 11. List the prime factors of g(u).
2
Suppose 3*n - 2 = 10. What are the prime factors of (36 - -4)*n/5?
2
Let a be (-1)/((-1)/18*1). Suppose a = 5*b - 2*h, -b + 14 = 2*b - 2*h. Suppose -b*n + 12 = -6. What are the prime factors of n?
3
Let m(r) = 3*r**2 - r + 33 - 2*r**2 - 41. What are the prime factors of m(-6)?
2, 17
Let s(t) = t**2 - 8*t + 6. What are the prime factors of s(9)?
3, 5
Suppose -2*j = v + 3*v - 22, 3*j + 2*v - 33 = 0. List the prime factors of j.
11
Suppose -5*k - 15 = -4*b + 128, 3*b + 5*k = 151. What are the prime factors of b?
2, 3, 7
Suppose 0 = 3*i - 0 - 6. Let c be ((-1)/i + 0)*0. Let p = 11 + c. What are the prime factors of p?
11
Suppose 2*j - 8*q = -3*q, q = 0. Suppose 3*p - 30 = -j*p. List the prime factors of p.
2, 5
Suppose -3*v - 3*u = -61 - 56, -3*u + 3 = 0. Suppose 5*d - v = 17. What are the prime factors of d?
11
Let p(w) = w**2 - 6*w + 5. Let a be p(7). Suppose 58 = 5*l - a. List the prime factors of l.
2, 7
Let j(i) = 2*i**2 - i. List the prime factors of j(-5).
5, 11
Let s(i) = -15*i + 4. Let n be s(-4). Let r = n + -43. List the prime factors of r.
3, 7
Let s be -2 - (-1 - 0)*-2. Let f be (-1 - s)*2/(-6). What are the prime factors of ((-24)/(1 - -2))/f?
2
Let x(j) = j**2 - 8*j + 9. Let f be x(6). List the prime factors of (f - -6) + -2 + 15.
2
Let z(t) = t**3 - 5*t**2 + 2*t - 3. Let u = 16 - 11. Let j be z(u). Let q(m) = m**3 - 7*m**2 + 2*m - 6. List the prime factors of q(j).
2
Let q = 25 - 8. Let h = 46 - q. What are the prime factors of h?
29
Let v = 2 - 1. Let o(q) = q**2 - 2*q + 1. Let l be o(v). Suppose 2*g + 3*p + 32 = 6*g, l = -3*g + 2*p + 24. List the prime factors of g.
2
Let l(n) = -n**2 - 8*n - 2. Let p be l(-7). Let o(d) = d**3 - 5*d**2 + 1 - 5 - 2 + 4*d. What are the prime factors of o(p)?
2, 7
Let m(l) = -l**2 + 7*l + 7. Let h(c) = 3*c**2 + 2*c - 2. Let u be h(-2). List the prime factors of m(u).
13
Let m(g) = 2*g**3 - 6*g**2 + 6*g - 8. What are the prime factors of m(4)?
2, 3
Suppose 3*j + 46 = w - 0, 3*w - j - 178 = 0. List the prime factors of w.
61
Let a(o) = 6*o**2 - 2*o + 4. What are the prime factors of a(4)?
2, 23
Let v = 68 - 48. Suppose -16 = 5*l - l, -4*c + 2*l = -v. Suppose -c*k - 25 = -4*r, -r = -k - k. What are the prime factors of r?
2, 5
Suppose -153 = -7*o + 4*o. What are the prime factors of o?
3, 17
Suppose -4*q = -3 - 1. Let g = 4 - q. Suppose 9 = m - g*x, -3*x - 10 - 26 = -4*m. List the prime factors of m.
3
Let q be (-3 - -9) + -1 + 3. List the prime factors of q*4*2/4.
2
What are the prime factors of (-207)/1*(-20)/30?
2, 3, 23
Let y(p) = 16*p**3 - p**2. Let u(m) = 6*m**2 - m - 8. Let z(s) = 5*s**2 - 2*s - 8. Let o(x) = 6*u(x) - 7*z(x). Let w be o(-7). List the prime factors of y(w).
3, 5
Let j(n) = 5*n**3 - n**2. Let d be j(2). Suppose 99 = 5*r - d. List the prime factors of r.
3
Suppose j - 2 + 3 = 0. List the prime factors of j/2*(-52)/2.
13
Suppose 325 = 5*i - 90. What are the prime factors of i?
83
Suppose -185 = -4*b - b. List the prime factors of b.
37
Let q be ((-3)/(-1))/(1/3). Suppose 3*k - q = 42. What are the prime factors of k?
17
Let z = 198 + -121. List the prime factors of z.
7, 11
Let s(h) = 34*h**2 - h - 1. List the prime factors of s(-1).
2, 17
Suppose 4*o = 7*o. Suppose 2*k = 3*d - 5*d + 32, 3*k - 2*d - 68 = o. List the prime factors of k.
2, 5
Let i be ((-122)/6)/(2/(-6)). Let h(n) = 3*n**2 + 2*n - 1. Let j be h(1). Suppose i = 5*m - j. What are the prime factors of m?
13
Let c = -167 - -449. What are the prime factors of c?
2, 3, 47
Let p be -5*(1 - 4/20). Let j = p + 32. List the prime factors of j.
2, 7
Let q(l) = 11*l - 22. What are the prime factors of q(7)?
5, 11
Let k be (0 - -1) + (4 - 0). Suppose -k*g - 5*u + 60 = 0, 0 = -0*g - g - 4*u + 12. List the prime factors of g.
2, 3
Suppose 0 = -5*r - 7 + 2. Let t be 5 - 0/(0 + r). Suppose -3*x - 5*m = -7, t*x = 4*x - 2*m + 2. List the prime factors of x.
2
Let y = 13 - -8. What are the prime factors of y?
3, 7
List the prime factors of 23/(9/20 + (-4)/16).
5, 23
Suppose -4 = x + 2*s - 5*s, 2*x + 6 = 5*s. List the prime factors of (1 + 2 + x)*3.
3, 5
Let s = 354 + -215. What are the prime factors of s?
139
Let k = 6 - 3. Suppose 2*q = -k*q + 70. What are the prime factors of q?
2, 7
Let f(g) = 4*g + 10. Let y be f(-4). What are the prime factors of 23/(3/(y/(-2)))?
23
Suppose 0 = m - 2*p + 6, -3*m + 6*p = 2*p + 10. Suppose 0 = 2*c + 4*t, -2*c + 12 = 2*c + m*t. What are the prime factors of c?
2
Let m be 0 - 2 - (-3 - -2). List the prime factors of 2 - (1/m - -1).
2
Let k = -8 + 5. List the prime factors of 1*3/k + 3.
2
Let b = 0 + 0. Suppose -4*i + 228 = -0*i. Suppose -s - 2*s + i = b. What are the prime factors of s?
19
Suppose 4*k - 8 = 8. Suppose 0 = -k*o - 5*c + 122, 0*c = -4*o + 5*c + 102. List the prime factors of o.
2, 7
Let m be ((-280)/(-12))/((-4)/(-6)). Suppose 5*i - m = 155. What are the prime factors of i?
2, 19
Suppose 254 - 84 = a. Suppose 0 = b - 6*b + a. List the prime factors of b.
2, 17
Let f = -7 - -13. Suppose f = -2*n + 18. List the prime factors of 4/12 + 16/n.
3
Let s be (3 - 4) + 1*123. Suppose -y = -3*t + 73, 0 = 5*t + 4*y + 6 - s. What are the prime factors of t?
2, 3
List the prime factors of (-5)/((1 + -2)*1).
5
Suppose 4*u = 3*f - 59, -80 = -4*f + 4*u - 0*u. List the prime factors of f.
3, 7
Let w(f) = 5*f. Let c be w(2). Suppose -c + 1 = -3*k. List the prime factors of k.
3
Let l(v) = -3*v**3 - 3*v**2 - 4*v - 3. List the prime factors of l(-4).
157
Let b be 3/(3 - -3)*6. Suppose 16 = b*r - r. Suppose -4*o - 3*l = -11, -5*o + 4*o + l + r = 0. What are the prime factors of o?
5
Let p be 3/(3/2) + -2. Suppose p = -4*j + 9 - 1. List the prime factors of j.
2
Let g = -75 + 214. What are the prime factors of g?
139
Let g(n) = n**3 + 7*n**2 - 2*n - 10. Let z(p) = p + 2. Let h be z(-9). Let x be g(h). Let m = x + 6. List the prime factors of m.
2, 5
Let f = -50 - -91. What are the prime factors of f?
41
Let q be 22/1 + 0/1. Let t = q - 5. List the prime factors of t.
17
Let l = 11 + 17. What are the prime factors of l?
2, 7
Suppose 3*a + 2*a - 66 = -h, -2*h = 2*a - 156. What are the prime factors of h?
3
Let r = 10 + -26. Let m be r/(-9) + 6/27. Suppose -m*z + 4*z = 24. List the prime factors of z.
2, 3
Let n = 47 + -41. What are the prime factors of n?
2